. List the prime factors of z/(-6) - (-3 - -1).
47
Let j = 3777 - 2117. Suppose 3*q - 999 = -3*u, -j = -4*q - u - 319. What are the prime factors of q?
2, 3, 7
Suppose -14*i - 436 = -2284. Let h = i + -132. Suppose -4*c + 2*c = 2*p - 214, h = -c + 1. List the prime factors of p.
2, 53
Suppose 20*x - 10*x = 0. Suppose 3*h = -2*t + 2108, 3*h + t - 1294 - 819 = x. List the prime factors of h.
2, 353
List the prime factors of (177 + -190 - (-164)/(-2))*-3*251.
3, 5, 19, 251
Suppose 261 = 3*r - 6*p + 2*p, 3*r = -5*p + 261. Let n = -85 + r. Suppose 4*z - 8 = -n*f + f, z + 100 = 4*f. What are the prime factors of f?
2, 3
Let u(r) = 2*r**3 + 20*r**2 + 68*r - 205. List the prime factors of u(18).
19163
Let a(t) = 130*t + 2. Suppose 4*x = -2 + 14. List the prime factors of a(x).
2, 7
Suppose -87*m + 14*m = 19*m - 773536. List the prime factors of m.
2, 1051
Let b be 3959 + -1 - (-9 + 5 + 2). Suppose -3*t - 7*t = -b. What are the prime factors of t?
2, 3, 11
Let c = -661 + 1913. What are the prime factors of c?
2, 313
Suppose 3*g - 4629 = -3*v, 62*g - 58*g = v + 6142. List the prime factors of g.
29, 53
Suppose -d + 0*d = 2, 5*y = 2*d + 4. Suppose y = 5*r - 4*w - 2280, 18*w = 20*w - 10. What are the prime factors of r?
2, 5, 23
Let v = -49 + 51. Let z be -1*(2 + -4)/(-1) + v. Let g = 4 - z. What are the prime factors of g?
2
Suppose 2*f + 14 = z, 3*z - z - 3*f = 24. List the prime factors of (-3215)/(-6) - -2 - (-1)/z.
2, 269
Let j = -4473 + 11398. List the prime factors of j.
5, 277
Let l(y) = -851*y - 729. What are the prime factors of l(-15)?
2, 3, 17, 59
Suppose -5*z - 3*m = -3*z - 5085, z - 2544 = -m. What are the prime factors of z?
3, 283
Let c = 102 + -82. Let k(l) = l**3 - 18*l**2 - 25*l - 1. Let i be k(c). Suppose 15*v - 376 = i. List the prime factors of v.
3, 5
Let o = 3467 - 3004. List the prime factors of o.
463
Suppose -5*d - a = -2003, -6*a + 794 = 2*d - 8*a. Suppose g + d = 6*g. List the prime factors of g.
2, 5
Let f(l) = 32*l - 37. Let s(t) = -11*t + 12. Let y(k) = -2*f(k) - 7*s(k). Let u be y(-3). List the prime factors of (-1652)/u + 4/14.
2, 17
Suppose -32 = -13*g + 9*g. Suppose -10*m - g*m = -6228. List the prime factors of m.
2, 173
Let n = 67988 - 40246. What are the prime factors of n?
2, 11, 13, 97
Suppose -3*s = 3*q - 20664, -4556 = -5*s + 4*q + 29848. List the prime factors of s.
2, 1721
List the prime factors of 3 - ((-222543)/30 - (-6)/60).
41, 181
Suppose -34007 = -3*q - 61*f + 56*f, -5*q - 3*f = -56657. List the prime factors of q.
11329
Let z(n) = -9*n + 6. Let o be z(19). Suppose w - 2*w + 252 = 0. Let f = w + o. What are the prime factors of f?
3, 29
Suppose 356141 - 10634 + 65485 = 8*u. List the prime factors of u.
2, 17, 1511
What are the prime factors of 3/(2*60/(-34064))*-5?
2, 2129
Let g(c) = -131*c - 8. Let w(j) = j**2 + 10*j - 27. Let a be w(-12). List the prime factors of g(a).
5, 7, 11
List the prime factors of 2/5*7/(308/621170).
5647
What are the prime factors of 3 + 217/(-49) - (-2607670)/70?
3, 4139
Suppose -38*b = -28*b - 19666 - 15164. List the prime factors of b.
3, 43
Suppose 5*i + 5*r - 3*r - 20 = 0, 5*r - 29 = -2*i. Suppose 2*p = -4, -3*x - p + i*p - 61 = 0. What are the prime factors of (-2492)/x - 8/12?
2, 59
List the prime factors of 181/905 + 79098/10.
2, 5, 7, 113
Let c be (-2)/(-3)*183/5*50. Suppose -s - 3*s + c = 0. Suppose -3*t + s = 4*q - 214, 4*q = -t + 525. What are the prime factors of q?
2, 3, 11
Suppose -229 = 2*u - 95. Let p = -23 - u. Suppose 0 = -2*f + 138 + p. List the prime factors of f.
7, 13
Let t(m) = 12*m**2 + 101*m - 7569. List the prime factors of t(49).
2, 1637
Suppose -8*r + 12 = -2*r. Suppose -54 + 328 = -r*k. Let m = 324 + k. List the prime factors of m.
11, 17
Suppose 0*t + 4*t = 3*w + 67, 4*w + 102 = -t. What are the prime factors of (106 - (-4)/(20/w)) + -5?
2, 3
Let g = -115 + 139. What are the prime factors of (2376/g)/(4/(120/9))?
2, 3, 5, 11
Let w(k) = -k**3 - 13*k**2 - 3*k + 4. Let c be w(-13). Let j = c - -47. What are the prime factors of j?
2, 3, 5
Let p = 134 + -130. Suppose j - p*z = 5, -z - 69 = -5*j - 3*z. List the prime factors of j.
13
Let j(h) = -h**3 + 2*h**2 - 4*h + 18. Let a be j(0). Let f(g) = 18*g - 53. List the prime factors of f(a).
271
Suppose -4*c + 121 = -51. Suppose 14*g - 52*g = -1824. Suppose 0 = -4*n - 2*o + g, -6*o + c = 3*n - o. What are the prime factors of n?
11
Suppose 0 = -4*d - 3*c - 316, 38*d - 43*d - 5*c - 400 = 0. Let w = 840 + d. What are the prime factors of w?
2, 191
Suppose 4 = x + 9. Let c be (x - -1)*(-5)/4. Suppose c*w + l = 74, -l = -5*w - 3*l + 78. List the prime factors of w.
2, 7
Let n = 47553 + -22741. List the prime factors of n.
2, 6203
Let w = 10865 - 7390. What are the prime factors of w?
5, 139
Suppose -3*h = 3*x + 123, -5 + 50 = -h + x. Let k be 6055/(-63) - (-18)/162. Let q = h - k. What are the prime factors of q?
53
Let i(s) = 6*s - 31. Let t be i(6). Suppose 2*o - t*o + 5*a = -4, -5*o - 4*a + 56 = 0. What are the prime factors of (-504)/7*o/(-6)?
2, 3
Let b = -278 + 1853. What are the prime factors of -11 - -12 - b/(-3*1)?
2, 263
Suppose -6 = -35*t + 64. Suppose 15*m + t*m = 10608. What are the prime factors of m?
2, 3, 13
Suppose -5*i = 3*m - 9076, 3*i - 12297 = -4*m - 214. What are the prime factors of m?
7, 431
Suppose -45530 = -13*w - 28357. List the prime factors of w.
1321
Let s be 208 + (-1)/(-3)*0. Suppose -59*x = -98*x + 78. Suppose 2*k + s = 3*k - t, x*k - 4*t - 426 = 0. List the prime factors of k.
7, 29
Let y be (-1 - -790)/((-39)/(-52)). Suppose -183 + y = 11*m. List the prime factors of m.
79
Let b(s) = -2486*s - 41. What are the prime factors of b(-5)?
13, 953
Let o be ((-35)/4)/((-5)/880). Let m = -995 + o. List the prime factors of m.
5, 109
Suppose 2*o - 110 = b, -33*o + 38*o = 4*b + 281. Suppose -16435 - o = -18*q. What are the prime factors of q?
2, 229
Let y(s) = -12*s - 8. Let z be (-54)/(-15)*(-20)/(-6). Suppose -f = 17 - z. List the prime factors of y(f).
2, 13
Suppose 5*a - 40 = 4*l, 0 = a + 2*l - 4*l - 14. Suppose 2815 = a*j + j + 5*n, -5*j = -4*n - 2851. List the prime factors of j.
3, 7
Let f = -10043 + 27474. What are the prime factors of f?
17431
Suppose 5*k - 16760 = -5*y, 2*y - 9873 = k - 3163. What are the prime factors of y?
2, 3, 13, 43
Let q(w) = w**2 + 4*w - 12. Let a be q(4). Suppose 4*u + 5*s = a, -s + 2 = -2. Suppose -g - 4*g + 460 = u. List the prime factors of g.
2, 23
Let c = 702 - 983. Let a = 476 + c. What are the prime factors of a?
3, 5, 13
Let s(m) = 53*m**3 + 31*m**2 - 49*m - 10. List the prime factors of s(5).
5, 1429
Let n(l) be the second derivative of -l**5/10 + 7*l**4/12 + 2*l**3/3 - 19*l**2/2 + 29*l. Let u be n(6). List the prime factors of 5/(20/12) - u.
2, 89
Let n(l) = -6*l**3 - 5*l**2 + 23*l + 91. Let m be (1/2)/(26/(-260)). List the prime factors of n(m).
601
Let s(j) = 226*j - 330. Let p be s(15). What are the prime factors of (-3)/((-6)/(p/5))?
2, 3, 17
Suppose -230*i = -2*i + 109*i - 16639038. What are the prime factors of i?
2, 3, 13, 211
Let j(k) = k**3 + 11*k**2 + 8*k - 23. Let d be j(-10). Let a(i) = -i**3 - 4*i**2 - i + 1. Let c be a(d). Let f(t) = -46*t + 60. List the prime factors of f(c).
2, 5, 29
Let b = -1035 + 1760. Suppose t - b = 2*r, 0 = -4*r - 14*t + 9*t - 1429. Let q = r - -577. What are the prime factors of q?
2, 3
Let c = -129 + 191. Let g = 132 - c. Let l = g + -63. List the prime factors of l.
7
Suppose 4*h - 45210 = -y, 0 = 2*y + y - 3*h - 135675. What are the prime factors of y?
2, 3, 7537
Suppose 0 = 5*w + 5*f - 80, 4*f = -5*w + 85 - 3. Suppose w*x - 15*x = 6. Suppose 1 + 5 = x*z, 3*z + 78 = 3*d. List the prime factors of d.
29
Suppose -2*r - 101086 = -5*x, -604*r = 2*x - 609*r - 40405. List the prime factors of x.
2, 3, 5, 337
Let g(b) = b**3 - 5*b**2 + b + 16. Let n be g(4). Let p(x) = 97*x + 7. What are the prime factors of p(n)?
5, 79
Let i(s) = s**2 + 9*s + 18. Let u(y) = -2*y**3 - 19*y**2 + 11*y + 10. Let r be u(-10). Let q be i(r). What are the prime factors of 7374/34 + q/153?
7, 31
Let u(t) = t**3 - 11*t**2 + t - 13. Let g(l) = -3*l - 25. Let r be g(-12). Let s be u(r). List the prime factors of -4*83/(-16) + s/(-8).
3, 7
Suppose 2*m + r = 32006, 23*m - 24*m - 3*r + 16018 = 0. List the prime factors of m.
2, 5
